{"id":290,"date":"2020-08-14T16:50:38","date_gmt":"2020-08-14T21:50:38","guid":{"rendered":"https:\/\/limabibletours.net\/?page_id=290"},"modified":"2020-08-14T17:05:16","modified_gmt":"2020-08-14T22:05:16","slug":"reservando-su-gira-virtual","status":"publish","type":"page","link":"https:\/\/limabibletours.net\/index.php\/es\/reservando-su-gira-virtual\/","title":{"rendered":"Reservando su Gira Virtual"},"content":{"rendered":"\n<p class=\"has-text-align-center\"><span style=\"color:#ffffff\" class=\"has-inline-color\">Aqu\u00ed empieza su reserva. Indique la cantidad de conexiones que necesitar\u00e1 (no la cantidad de personas que escucharan). Se puede hallar la informaci\u00f3n bajo la pesta\u00f1a &#8220;Bringing Anyone With You&#8221;. Hay un m\u00e1ximo de 99 conexiones por grupo. Usted puede eligir su guia para ver si est\u00e1n disponible o simplemente escoger &#8220;anyone&#8221; y podemos asignarle un guia. <br><\/span><\/p>\n\n\n\n<p class=\"has-text-align-center\"><span style=\"color:#ffffff\" class=\"has-inline-color\">No hay ning\u00fan cobro por la gira. Nuestros guias ofrecen su tiempo amorosamente para presentar la gira. El gu\u00eda le dar\u00e1 su correo personal si desea consultar sobre como hacerle llegar una propina. Nuestro calendario automaticamente ajustar\u00e1 la hora de la gira seg\u00fan su zona. Por eso, la hora que usted ve en su reservaci\u00f3n es la hora ACTUAL cuando va a empezar su gira. Sientese libre de contactar su guia por cualquier pregunta despu\u00e9s de reservar su gira.<\/span> <\/p>\n\n\n\n<p class=\"has-text-align-center\"><span style=\"color:#ffffff\" class=\"has-inline-color\">\u00a1Muchas gracias y tenga un maravilloso d\u00eda!<\/span><\/p>\n\n\n\n<div class=\"wp-block-amelia-booking-gutenberg-block\">\n<script>\n  var hasBookingShortcode = (typeof hasBookingShortcode === 'undefined') ? false : true;\n  var bookingEntitiesIds = (typeof bookingEntitiesIds === 'undefined') ? [] : bookingEntitiesIds;\n  bookingEntitiesIds.push(\n    {\n      'trigger': '',\n      'show': '',\n      'counter': '0',\n      'category': '',\n      'service': '',\n      'employee': '',\n      'location': ''\n    }\n  );\n\n  var lazyBookingEntitiesIds = (typeof lazyBookingEntitiesIds === 'undefined') ? [] : lazyBookingEntitiesIds;\n\n  if (bookingEntitiesIds[bookingEntitiesIds.length - 1].trigger !== '') {\n    lazyBookingEntitiesIds.push(bookingEntitiesIds.pop());\n  }\n<\/script>\n\n<div id=\"amelia-app-booking0\" class=\"amelia-booking amelia-frontend amelia-app-booking\">\n  <booking id=\"amelia-step-booking0\"><\/booking>\n<\/div>\n<\/div>\n","protected":false},"excerpt":{"rendered":"<p>Aqu\u00ed empieza su reserva. Indique la cantidad de conexiones que necesitar\u00e1 (no la cantidad de personas que escucharan). Se puede hallar la informaci\u00f3n bajo la<\/p>\n<p><a href=\"https:\/\/limabibletours.net\/index.php\/es\/reservando-su-gira-virtual\/\" class=\"more-link\">Read More<span class=\"screen-reader-text\">Reservando su Gira Virtual<\/span><\/a><\/p>\n","protected":false},"author":1,"featured_media":173,"parent":0,"menu_order":0,"comment_status":"closed","ping_status":"closed","template":"","meta":[],"_links":{"self":[{"href":"https:\/\/limabibletours.net\/index.php\/wp-json\/wp\/v2\/pages\/290"}],"collection":[{"href":"https:\/\/limabibletours.net\/index.php\/wp-json\/wp\/v2\/pages"}],"about":[{"href":"https:\/\/limabibletours.net\/index.php\/wp-json\/wp\/v2\/types\/page"}],"author":[{"embeddable":true,"href":"https:\/\/limabibletours.net\/index.php\/wp-json\/wp\/v2\/users\/1"}],"replies":[{"embeddable":true,"href":"https:\/\/limabibletours.net\/index.php\/wp-json\/wp\/v2\/comments?post=290"}],"version-history":[{"count":3,"href":"https:\/\/limabibletours.net\/index.php\/wp-json\/wp\/v2\/pages\/290\/revisions"}],"predecessor-version":[{"id":293,"href":"https:\/\/limabibletours.net\/index.php\/wp-json\/wp\/v2\/pages\/290\/revisions\/293"}],"wp:featuredmedia":[{"embeddable":true,"href":"https:\/\/limabibletours.net\/index.php\/wp-json\/wp\/v2\/media\/173"}],"wp:attachment":[{"href":"https:\/\/limabibletours.net\/index.php\/wp-json\/wp\/v2\/media?parent=290"}],"curies":[{"name":"wp","href":"https:\/\/api.w.org\/{rel}","templated":true}]}}