{"id":288,"date":"2020-08-14T16:49:43","date_gmt":"2020-08-14T21:49:43","guid":{"rendered":"https:\/\/limabibletours.net\/?page_id=288"},"modified":"2020-08-14T20:12:42","modified_gmt":"2020-08-15T01:12:42","slug":"reservez-votre-tour-virtuel","status":"publish","type":"page","link":"https:\/\/limabibletours.net\/index.php\/fr\/reservez-votre-tour-virtuel\/","title":{"rendered":"R\u00c9SERVEZ VOTRE TOUR VIRTUEL"},"content":{"rendered":"\n<p class=\"has-text-align-center\"><span style=\"color:#ffffff\" class=\"has-inline-color\">C\u2019est le d\u00e9but de votre r\u00e9servation. Nous vous demandons d\u2019inclure la quantit\u00e9\u00a0de\u00a0connexions\u00a0dont vous aurez besoin (et non le nombre de personnes \u00e0 l\u2019\u00e9coute).\u00a0Cette information peut \u00eatre choisie sous l\u2019onglet\u00a0 &#8220;R\u00e9server \u00e0 plusieurs?&#8221; Ensuite sous &#8220;Nombre de personnes suppl\u00e9mentaires&#8221; veuillez choisir le nombre de connexions (appareils connect\u00e9s sur Zoom). Noubliez pas, 1 Personne = 1 Connexion<br>Il y a\u00a0un maximum de 99 connexions par groupe. Vous pouvez choisir le guide\u00a0sp\u00e9cifique\u00a0que vous souhaitez et voir leur disponibilit\u00e9 respective, ou vous pouvez\u00a0choisir\u00a0n\u2019importe quel guide.<br><\/span><\/p>\n\n\n\n<p class=\"has-text-align-center\"><span style=\"color:#ffffff\" class=\"has-inline-color\">Il n\u2019y a pas de frais pour le tour. Nos guides donnent de leur temps avec amour\u00a0pour pr\u00e9senter le tour. Le guide vous informera comment lui faire parvenir une\u00a0contribution si vous le d\u00e9sirez.\u00a0 Notre calendrier de r\u00e9servation ajuste automatiquement l\u2019heure du tour en fonction de votre emplacement et de votre fuseau horaire. Pour cette raison, l&#8217;heure que vous voyez dans votre r\u00e9servation est l\u2019heure r\u00e9elle que vous commencerez le tour.<br>Si vous avez des questions ou des pr\u00e9occupations, n\u2019h\u00e9sitez pas \u00e0 nous contacter\u00a0par le biais de la section \u00ab contactez-nous \u00bb de notre site Web.<\/span><\/p>\n\n\n\n<p class=\"has-text-align-center\"><span style=\"color:#ffffff\" class=\"has-inline-color\">Merci et bonne journ\u00e9e!<\/span><\/p>\n\n\n\n<div class=\"wp-block-amelia-booking-gutenberg-block\">\n<script>\n  var hasBookingShortcode = (typeof hasBookingShortcode === 'undefined') ? false : true;\n  var bookingEntitiesIds = (typeof bookingEntitiesIds === 'undefined') ? [] : bookingEntitiesIds;\n  bookingEntitiesIds.push(\n    {\n      'trigger': '',\n      'show': '',\n      'counter': '0',\n      'category': '',\n      'service': '',\n      'employee': '',\n      'location': ''\n    }\n  );\n\n  var lazyBookingEntitiesIds = (typeof lazyBookingEntitiesIds === 'undefined') ? [] : lazyBookingEntitiesIds;\n\n  if (bookingEntitiesIds[bookingEntitiesIds.length - 1].trigger !== '') {\n    lazyBookingEntitiesIds.push(bookingEntitiesIds.pop());\n  }\n<\/script>\n\n<div id=\"amelia-app-booking0\" class=\"amelia-booking amelia-frontend amelia-app-booking\">\n  <booking id=\"amelia-step-booking0\"><\/booking>\n<\/div>\n<\/div>\n","protected":false},"excerpt":{"rendered":"<p>C\u2019est le d\u00e9but de votre r\u00e9servation. Nous vous demandons d\u2019inclure la quantit\u00e9\u00a0de\u00a0connexions\u00a0dont vous aurez besoin (et non le nombre de personnes \u00e0 l\u2019\u00e9coute).\u00a0Cette information peut<\/p>\n<p><a href=\"https:\/\/limabibletours.net\/index.php\/fr\/reservez-votre-tour-virtuel\/\" class=\"more-link\">Read More<span class=\"screen-reader-text\">R\u00c9SERVEZ VOTRE TOUR VIRTUEL<\/span><\/a><\/p>\n","protected":false},"author":1,"featured_media":173,"parent":0,"menu_order":0,"comment_status":"closed","ping_status":"closed","template":"","meta":[],"_links":{"self":[{"href":"https:\/\/limabibletours.net\/index.php\/wp-json\/wp\/v2\/pages\/288"}],"collection":[{"href":"https:\/\/limabibletours.net\/index.php\/wp-json\/wp\/v2\/pages"}],"about":[{"href":"https:\/\/limabibletours.net\/index.php\/wp-json\/wp\/v2\/types\/page"}],"author":[{"embeddable":true,"href":"https:\/\/limabibletours.net\/index.php\/wp-json\/wp\/v2\/users\/1"}],"replies":[{"embeddable":true,"href":"https:\/\/limabibletours.net\/index.php\/wp-json\/wp\/v2\/comments?post=288"}],"version-history":[{"count":4,"href":"https:\/\/limabibletours.net\/index.php\/wp-json\/wp\/v2\/pages\/288\/revisions"}],"predecessor-version":[{"id":296,"href":"https:\/\/limabibletours.net\/index.php\/wp-json\/wp\/v2\/pages\/288\/revisions\/296"}],"wp:featuredmedia":[{"embeddable":true,"href":"https:\/\/limabibletours.net\/index.php\/wp-json\/wp\/v2\/media\/173"}],"wp:attachment":[{"href":"https:\/\/limabibletours.net\/index.php\/wp-json\/wp\/v2\/media?parent=288"}],"curies":[{"name":"wp","href":"https:\/\/api.w.org\/{rel}","templated":true}]}}