{"id":279,"date":"2020-08-14T16:33:10","date_gmt":"2020-08-14T21:33:10","guid":{"rendered":"https:\/\/limabibletours.net\/?page_id=279"},"modified":"2020-08-14T16:33:11","modified_gmt":"2020-08-14T21:33:11","slug":"preguntas-frecuentes","status":"publish","type":"page","link":"https:\/\/limabibletours.net\/index.php\/es\/preguntas-frecuentes\/","title":{"rendered":"Preguntas Frecuentes"},"content":{"rendered":"\n<p class=\"has-text-align-center\"><strong><span style=\"color:#ffffff\" class=\"has-inline-color\">\u00bfCu\u00e1nto dura la gira?<\/span><br><\/strong><span style=\"color:#f1c63a\" class=\"has-inline-color\">La gira usualmente dura unas dos horas. Incluye un corto receso a la mitad.<\/span><br><strong><span style=\"color:#ffffff\" class=\"has-inline-color\">\u00bfCu\u00e1l es el costo de la gira?<\/span><\/strong><br><span style=\"color:#f1c63a\" class=\"has-inline-color\">La gira es libre de costo<\/span><br><strong><span style=\"color:#ffffff\" class=\"has-inline-color\">\u00bfPuedo dar una contribuci\u00f3n al gu\u00eda?<\/span><\/strong><br><span style=\"color:#f1c63a\" class=\"has-inline-color\">Si, est\u00e1n m\u00e1s que bienvenidos a hacerlo y el gu\u00eda lo apreciar\u00e1. El gu\u00eda le indicar\u00e1 su correo para que puedan contactarle si as\u00ed lo desean.<\/span><br><strong><span style=\"color:#ffffff\" class=\"has-inline-color\">\u00bfC\u00f3mo deber\u00eda vestirme?<\/span><br><\/strong><span style=\"color:#f1c63a\" class=\"has-inline-color\">Pueden usar ropa casual si as\u00ed desean. Por favor tomar en cuenta que, si la c\u00e1mara la tiene encendida, otros podr\u00e1n verlo.<\/span><br><strong><span style=\"color:#ffffff\" class=\"has-inline-color\">Mi grupo es peque\u00f1o, \u00bfaun as\u00ed puedo reservar una gira?<\/span><\/strong><br><span style=\"color:#f1c63a\" class=\"has-inline-color\">Si, incluiremos en su grupo a otros hermanos y hermanas.<\/span><br><strong><span style=\"color:#ffffff\" class=\"has-inline-color\">Tengo un grupo grande, \u00bfpuedo reservar un grupo sin tener que estar junto a otros grupos?<\/span><br><\/strong><span style=\"color:#f1c63a\" class=\"has-inline-color\">Si, con un m\u00ednimo de 40 conexiones, podemos darles la gira sin combinar el grupo con otros. Existe un m\u00e1ximo de 99 conexiones por gira. Le pedimos que, por favor, esto lo mencione claramente en la secci\u00f3n comentarios del formulario de reservaci\u00f3n.<\/span><\/p>\n\n\n\n<p class=\"has-text-align-center\"><strong><span style=\"color:#ffffff\" class=\"has-inline-color\">\u00bfEsta garantizada la fecha que he seleccionado para la gira?<\/span><br><\/strong><span style=\"color:#f1c63a\" class=\"has-inline-color\">Haremos lo posible por acomodarle en la fecha y hora que ha solicitado, pero debido a la demanda y disponibilidad de los gu\u00edas quiz\u00e1 no sea posible. Apreciamos mucho su comprensi\u00f3n al respecto.<\/span><br><strong><span style=\"color:#ffffff\" class=\"has-inline-color\">He enviado mi formulario de reserva. \u00bfSignifica que tengo mi reserva confirmada?<\/span><br><\/strong><span style=\"color:#f1c63a\" class=\"has-inline-color\">No, usted recibir\u00e1 un correo de confirmaci\u00f3n cuando su reserva este confirmada.<\/span><br><strong><span style=\"color:#ffffff\" class=\"has-inline-color\">Realice una reserva, pero a\u00fan no recibo el correo de confirmaci\u00f3n. \u00bfQu\u00e9 debo hacer?<\/span><br><\/strong><span style=\"color:#f1c63a\" class=\"has-inline-color\">Por favor, revise los casilleros de CORREO BASURA o CORREO NO DESEADO (SPAM o JUNK) ya que sucede que a veces terminan ah\u00ed los correos. Si aun as\u00ed no puede encontrarlo, puede contactarnos desde la secci\u00f3n CONTACTENOS de la pagina web. Le responderemos lo m\u00e1s pronto posible.<\/span><br><strong><span style=\"color:#ffffff\" class=\"has-inline-color\">\u00bfCu\u00e1ndo recibir\u00e9 la invitaci\u00f3n por Zoom para mi gira?<\/span><br><\/strong><span style=\"color:#f1c63a\" class=\"has-inline-color\">El gu\u00eda le enviar\u00e1 la invitaci\u00f3n para la gira faltando 2 o 3 d\u00edas antes de la fecha asignada.<br><\/span><strong><span style=\"color:#ffffff\" class=\"has-inline-color\">\u00bfPuedo hacer una grabaci\u00f3n de la gira?<\/span><br><\/strong><span style=\"color:#f1c63a\" class=\"has-inline-color\">Le solicitamos que no realice ninguna grabaci\u00f3n de la gira. Puede tomar talvez una foto de la pantalla para analizar el material luego o puede pedir al gu\u00eda que le env\u00ede las referencias de los diferentes puntos mencionados.<\/span><br><strong><span style=\"color:#ffffff\" class=\"has-inline-color\">\u00bfPuedo compartir mi invitaci\u00f3n de Zoom con otros que deseen unirse a mi grupo?<\/span><br><\/strong><span style=\"color:#f1c63a\" class=\"has-inline-color\">Le solicitamos que nos informe el total de las conexiones que necesitar\u00e1 y que no comparta la invitaci\u00f3n con otros a menos que son parte del grupo reservado por usted. Nuestros gu\u00edas tienen un l\u00edmite de cuantas personas pueden conectarse por Zoom a la vez. Estamos contentos de acomodar tantos como sea posible, pero deseamos que usted nos informe el numero total de conexiones de tal manera que otros que tambi\u00e9n solicitaron la gira no queden fuera sin poder asistir tambi\u00e9n.<\/span><br><strong><span style=\"color:#ffffff\" class=\"has-inline-color\">\u00bfQu\u00e9 idiomas est\u00e1n disponibles para las giras?<\/span><br><\/strong><span style=\"color:#f1c63a\" class=\"has-inline-color\">Las giras actualmente est\u00e1n disponibles en Ingles, Espa\u00f1ol Japones y Frances, pero pronto en tendremos m\u00e1s idiomas.<\/span><\/p>\n","protected":false},"excerpt":{"rendered":"<p>\u00bfCu\u00e1nto dura la gira?La gira usualmente dura unas dos horas. Incluye un corto receso a la mitad.\u00bfCu\u00e1l es el costo de la gira?La gira es<\/p>\n<p><a href=\"https:\/\/limabibletours.net\/index.php\/es\/preguntas-frecuentes\/\" class=\"more-link\">Read More<span class=\"screen-reader-text\">Preguntas Frecuentes<\/span><\/a><\/p>\n","protected":false},"author":1,"featured_media":0,"parent":0,"menu_order":3,"comment_status":"closed","ping_status":"closed","template":"","meta":[],"_links":{"self":[{"href":"https:\/\/limabibletours.net\/index.php\/wp-json\/wp\/v2\/pages\/279"}],"collection":[{"href":"https:\/\/limabibletours.net\/index.php\/wp-json\/wp\/v2\/pages"}],"about":[{"href":"https:\/\/limabibletours.net\/index.php\/wp-json\/wp\/v2\/types\/page"}],"author":[{"embeddable":true,"href":"https:\/\/limabibletours.net\/index.php\/wp-json\/wp\/v2\/users\/1"}],"replies":[{"embeddable":true,"href":"https:\/\/limabibletours.net\/index.php\/wp-json\/wp\/v2\/comments?post=279"}],"version-history":[{"count":1,"href":"https:\/\/limabibletours.net\/index.php\/wp-json\/wp\/v2\/pages\/279\/revisions"}],"predecessor-version":[{"id":280,"href":"https:\/\/limabibletours.net\/index.php\/wp-json\/wp\/v2\/pages\/279\/revisions\/280"}],"wp:attachment":[{"href":"https:\/\/limabibletours.net\/index.php\/wp-json\/wp\/v2\/media?parent=279"}],"curies":[{"name":"wp","href":"https:\/\/api.w.org\/{rel}","templated":true}]}}