{"id":269,"date":"2020-08-14T11:03:25","date_gmt":"2020-08-14T16:03:25","guid":{"rendered":"https:\/\/limabibletours.net\/?page_id=269"},"modified":"2020-08-18T14:09:26","modified_gmt":"2020-08-18T19:09:26","slug":"foire-aux-questions","status":"publish","type":"page","link":"https:\/\/limabibletours.net\/index.php\/fr\/foire-aux-questions\/","title":{"rendered":"FOIRE AUX QUESTIONS"},"content":{"rendered":"\n<p class=\"has-text-align-center\"><strong><span style=\"color:#ffffff\" class=\"has-inline-color\">Combien de temps dure le tour?<\/span><\/strong><\/p>\n\n\n\n<p class=\"has-text-align-center\"><span style=\"color:#e9c617\" class=\"has-inline-color\">Le tour dure environ 2 heures. Il y aura une courte pause au milieu.<\/span><br><strong><span style=\"color:#ffffff\" class=\"has-inline-color\">Combien co\u00fbte le tour?<\/span><\/strong><\/p>\n\n\n\n<p class=\"has-text-align-center\"><span style=\"color:#e9c617\" class=\"has-inline-color\">Le tour est gratuit<\/span><\/p>\n\n\n\n<p class=\"has-text-align-center\"><strong><span style=\"color:#ffffff\" class=\"has-inline-color\">Puis-je donner une contribution d&#8217;appr\u00e9ciation pour le travail du guide?<\/span><\/strong><\/p>\n\n\n\n<p class=\"has-text-align-center\"><span style=\"color:#e9c617\" class=\"has-inline-color\">Oui, vous \u00eates les bienvenus et le guide vous en sera reconnaissant. Vous recevrez des instructions \u00e0 ce sujet dans le e-mail qui expliquera les d\u00e9tails de connexion.<\/span><\/p>\n\n\n\n<p class=\"has-text-align-center\"><strong><span style=\"color:#ffffff\" class=\"has-inline-color\">Comment dois-je m&#8217;habiller?<\/span><\/strong><\/p>\n\n\n\n<p class=\"has-text-align-center\"><span style=\"color:#e9c617\" class=\"has-inline-color\">D\u00e9contract\u00e9 mais modeste. Vous pouvez aussi boire et manger durant le tour.<\/span><br><strong><span style=\"color:#ffffff\" class=\"has-inline-color\">J&#8217;ai soumis le formulaire de r\u00e9servation. Cela signifie-t-il que ma r\u00e9servation est confirm\u00e9e?<\/span><\/strong><\/p>\n\n\n\n<p class=\"has-text-align-center\"><span style=\"color:#e9c617\" class=\"has-inline-color\">Non, vous recevrez un e-mail de confirmation lorsque votre r\u00e9servation sera confirm\u00e9e.<\/span><\/p>\n\n\n\n<p class=\"has-text-align-center\"><strong><span style=\"color:#ffffff\" class=\"has-inline-color\">J&#8217;ai fait une r\u00e9servation mais je n&#8217;ai pas re\u00e7u de confirmation pour ma visite. Que devrais-je faire?<\/span><\/strong><\/p>\n\n\n\n<p class=\"has-text-align-center\"><span style=\"color:#e9c617\" class=\"has-inline-color\">Veuillez consulter votre dossier Courrier Ind\u00e9sirable (SPAM). Si vous ne le trouvez toujours pas, vous pouvez nous contacter \u00e0 partir de la section contact du site Web. Nous vous r\u00e9pondrons dans&nbsp; les plus brefs d\u00e9lais.<\/span><\/p>\n\n\n\n<p class=\"has-text-align-center\"><strong><span style=\"color:#ffffff\" class=\"has-inline-color\">Quand recevrai-je les d\u00e9tails de connexion pour Zoom?<\/span><\/strong><\/p>\n\n\n\n<p class=\"has-text-align-center\"><span style=\"color:#e9c617\" class=\"has-inline-color\">Le guide enverra un lien pour le tour 2-3 jours avant la date pr\u00e9vue.<\/span><\/p>\n\n\n\n<p class=\"has-text-align-center\"><strong><span style=\"color:#ffffff\" class=\"has-inline-color\">Puis-je enregistrer le tour?<\/span><\/strong><\/p>\n\n\n\n<p class=\"has-text-align-center\"><span style=\"color:#e9c617\" class=\"has-inline-color\">Nous vous demandons de ne pas enregistrer le tour. Vous pouvez prendre des photos et des captures d&#8217;\u00e9cran.<\/span><\/p>\n\n\n\n<p class=\"has-text-align-center\"><strong><span style=\"color:#ffffff\" class=\"has-inline-color\">Puis-je partager mon lien avec d&#8217;autres personnes qui souhaitent participer?<\/span><\/strong><\/p>\n\n\n\n<p class=\"has-text-align-center\"><span style=\"color:#e9c617\" class=\"has-inline-color\">Seulement pour le nombre de connexions que vous avez r\u00e9serv\u00e9. Les guides ont un nombre limit\u00e9 de connexions disponibles. Si vous avez besoin de plus de connexions, veuillez faire une nouvelle r\u00e9servation ou nous \u00e9crire si le tour n&#8217;est plus disponible. <\/span><\/p>\n\n\n\n<p class=\"has-text-align-center\"><strong><span style=\"color:#ffffff\" class=\"has-inline-color\">Dans quelle langue sont les tours?<\/span><\/strong><\/p>\n\n\n\n<p class=\"has-text-align-center\"><span style=\"color:#e9c617\" class=\"has-inline-color\">Les tours sont actuellement offerts en anglais, espagnol, fran\u00e7ais et japonais avec d&#8217;autres langues \u00e0 venir.<\/span><\/p>\n","protected":false},"excerpt":{"rendered":"<p>Combien de temps dure le tour? Le tour dure environ 2 heures. Il y aura une courte pause au milieu.Combien co\u00fbte le tour? Le tour<\/p>\n<p><a href=\"https:\/\/limabibletours.net\/index.php\/fr\/foire-aux-questions\/\" class=\"more-link\">Read More<span class=\"screen-reader-text\">FOIRE AUX QUESTIONS<\/span><\/a><\/p>\n","protected":false},"author":1,"featured_media":0,"parent":0,"menu_order":3,"comment_status":"closed","ping_status":"closed","template":"","meta":[],"_links":{"self":[{"href":"https:\/\/limabibletours.net\/index.php\/wp-json\/wp\/v2\/pages\/269"}],"collection":[{"href":"https:\/\/limabibletours.net\/index.php\/wp-json\/wp\/v2\/pages"}],"about":[{"href":"https:\/\/limabibletours.net\/index.php\/wp-json\/wp\/v2\/types\/page"}],"author":[{"embeddable":true,"href":"https:\/\/limabibletours.net\/index.php\/wp-json\/wp\/v2\/users\/1"}],"replies":[{"embeddable":true,"href":"https:\/\/limabibletours.net\/index.php\/wp-json\/wp\/v2\/comments?post=269"}],"version-history":[{"count":4,"href":"https:\/\/limabibletours.net\/index.php\/wp-json\/wp\/v2\/pages\/269\/revisions"}],"predecessor-version":[{"id":329,"href":"https:\/\/limabibletours.net\/index.php\/wp-json\/wp\/v2\/pages\/269\/revisions\/329"}],"wp:attachment":[{"href":"https:\/\/limabibletours.net\/index.php\/wp-json\/wp\/v2\/media?parent=269"}],"curies":[{"name":"wp","href":"https:\/\/api.w.org\/{rel}","templated":true}]}}